{"id":1847,"date":"2024-09-28T12:51:27","date_gmt":"2024-09-28T10:51:27","guid":{"rendered":"https:\/\/feb.ch.bme.hu\/?page_id=1847"},"modified":"2025-08-19T08:32:21","modified_gmt":"2025-08-19T06:32:21","slug":"balog-gergely","status":"publish","type":"page","link":"https:\/\/feb.ch.bme.hu\/index.php\/bemutatkozas\/tagjaink\/kemia-tanszek\/balog-gergely\/","title":{"rendered":"Balog Gergely"},"content":{"rendered":"\t\t<div data-elementor-type=\"wp-page\" data-elementor-id=\"1847\" class=\"elementor elementor-1847\">\n\t\t\t\t<div class=\"elementor-element elementor-element-e9ead02 e-flex e-con-boxed e-con e-parent\" data-id=\"e9ead02\" data-element_type=\"container\" data-e-type=\"container\">\n\t\t\t\t\t<div class=\"e-con-inner\">\n\t\t<div class=\"elementor-element elementor-element-53040a2 e-con-full e-flex e-con e-child\" data-id=\"53040a2\" data-element_type=\"container\" data-e-type=\"container\">\n\t\t\t\t<div class=\"elementor-element elementor-element-d7e1699 elementor-widget elementor-widget-image\" data-id=\"d7e1699\" data-element_type=\"widget\" data-e-type=\"widget\" data-widget_type=\"image.default\">\n\t\t\t\t<div class=\"elementor-widget-container\">\n\t\t\t\t\t\t\t\t\t\t\t\t\t\t\t<img fetchpriority=\"high\" decoding=\"async\" width=\"800\" height=\"533\" src=\"https:\/\/feb.ch.bme.hu\/wp-content\/uploads\/2025\/07\/B.Gergo_.jpg\" class=\"attachment-large size-large wp-image-1983\" alt=\"\" \/>\t\t\t\t\t\t\t\t\t\t\t\t\t\t\t<\/div>\n\t\t\t\t<\/div>\n\t\t\t\t<div class=\"elementor-element elementor-element-68b74aa elementor-widget elementor-widget-heading\" data-id=\"68b74aa\" data-element_type=\"widget\" data-e-type=\"widget\" data-widget_type=\"heading.default\">\n\t\t\t\t<div class=\"elementor-widget-container\">\n\t\t\t\t\t<h5 class=\"elementor-heading-title elementor-size-default\">Balog Gergely<\/h5>\t\t\t\t<\/div>\n\t\t\t\t<\/div>\n\t\t\t\t<\/div>\n\t\t<div class=\"elementor-element elementor-element-69acf5a e-con-full e-flex e-con e-child\" data-id=\"69acf5a\" data-element_type=\"container\" data-e-type=\"container\">\n\t\t\t\t<div class=\"elementor-element elementor-element-f84f371 elementor-widget elementor-widget-text-editor\" data-id=\"f84f371\" data-element_type=\"widget\" data-e-type=\"widget\" data-widget_type=\"text-editor.default\">\n\t\t\t\t<div class=\"elementor-widget-container\">\n\t\t\t\t\t\t\t\t\t<p><strong style=\"color: #444444; font-family: Montserrat, Helvetica, Arial, sans-serif; font-size: 1.25rem;\">Tanulm\u00e1nyok<\/strong><\/p><ul><li><span data-sheets-value=\"{&quot;1&quot;:2,&quot;2&quot;:&quot;\u00c1ltal\u00e1nos orvos, P\u00e9csi Tudom\u00e1nyegyetem, \u00c1ltal\u00e1nos Orvostudom\u00e1nyi Kar&quot;}\" data-sheets-userformat=\"{&quot;2&quot;:897,&quot;3&quot;:{&quot;1&quot;:0},&quot;10&quot;:0,&quot;11&quot;:4,&quot;12&quot;:0}\">Vegy\u00e9szm\u00e9rn\u00f6k BSc<\/span><\/li><\/ul><h4><strong>FEB-tags\u00e1g kezdete<\/strong><\/h4><p><span data-sheets-value=\"{&quot;1&quot;:3,&quot;3&quot;:2022}\" data-sheets-userformat=\"{&quot;2&quot;:897,&quot;3&quot;:{&quot;1&quot;:0},&quot;10&quot;:0,&quot;11&quot;:4,&quot;12&quot;:0}\">2024.<\/span><\/p><h4><strong>Mi vonzott ide?<\/strong><\/h4><p><span data-sheets-root=\"1\">Gimn\u00e1zium 11. oszt\u00e1ly\u00e1ban tal\u00e1lkoztam el\u0151sz\u00f6r a t\u00e1borral, ami annyira megtetszett, hogy az ut\u00e1na k\u00f6vetkez\u0151 \u00e9vben is elmentem r\u00e1.<\/span><\/p><h4><strong>Hobbik<\/strong><\/h4><p><span data-sheets-root=\"1\">Rengeteg anim\u00e9t n\u00e9zek, valamint szeretek t\u00e1rsasozni, k\u00e1rty\u00e1zni \u00e9s birk\u00f3zni. Szabadid\u0151mben egy edukat\u00edv YouTube csatorn\u00e1n dolgozom<\/span><\/p><h4><strong>El\u00e9rhet\u0151s\u00e9g<\/strong><\/h4><p><a href=\"mailto:alogergely@gmail.com\"><span data-sheets-root=\"1\">alogergely@gmail.com<\/span><\/a><\/p>\t\t\t\t\t\t\t\t<\/div>\n\t\t\t\t<\/div>\n\t\t\t\t<\/div>\n\t\t\t\t\t<\/div>\n\t\t\t\t<\/div>\n\t\t\t\t<\/div>\n\t\t","protected":false},"excerpt":{"rendered":"<p>Balog Gergely Tanulm\u00e1nyok Vegy\u00e9szm\u00e9rn\u00f6k BSc FEB-tags\u00e1g kezdete 2024. Mi vonzott ide? Gimn\u00e1zium 11. oszt\u00e1ly\u00e1ban tal\u00e1lkoztam el\u0151sz\u00f6r a t\u00e1borral, ami annyira megtetszett, hogy az ut\u00e1na k\u00f6vetkez\u0151 \u00e9vben is elmentem r\u00e1. Hobbik Rengeteg anim\u00e9t n\u00e9zek, valamint szeretek t\u00e1rsasozni, k\u00e1rty\u00e1zni \u00e9s birk\u00f3zni. Szabadid\u0151mben egy edukat\u00edv YouTube csatorn\u00e1n dolgozom El\u00e9rhet\u0151s\u00e9g alogergely@gmail.com<\/p>\n","protected":false},"author":2,"featured_media":0,"parent":816,"menu_order":0,"comment_status":"closed","ping_status":"closed","template":"","meta":{"_eb_attr":"","footnotes":""},"class_list":["post-1847","page","type-page","status-publish"],"featured_image_src":null,"featured_image_src_square":null,"jetpack_sharing_enabled":true,"_links":{"self":[{"href":"https:\/\/feb.ch.bme.hu\/index.php\/wp-json\/wp\/v2\/pages\/1847","targetHints":{"allow":["GET"]}}],"collection":[{"href":"https:\/\/feb.ch.bme.hu\/index.php\/wp-json\/wp\/v2\/pages"}],"about":[{"href":"https:\/\/feb.ch.bme.hu\/index.php\/wp-json\/wp\/v2\/types\/page"}],"author":[{"embeddable":true,"href":"https:\/\/feb.ch.bme.hu\/index.php\/wp-json\/wp\/v2\/users\/2"}],"replies":[{"embeddable":true,"href":"https:\/\/feb.ch.bme.hu\/index.php\/wp-json\/wp\/v2\/comments?post=1847"}],"version-history":[{"count":10,"href":"https:\/\/feb.ch.bme.hu\/index.php\/wp-json\/wp\/v2\/pages\/1847\/revisions"}],"predecessor-version":[{"id":3975,"href":"https:\/\/feb.ch.bme.hu\/index.php\/wp-json\/wp\/v2\/pages\/1847\/revisions\/3975"}],"up":[{"embeddable":true,"href":"https:\/\/feb.ch.bme.hu\/index.php\/wp-json\/wp\/v2\/pages\/816"}],"wp:attachment":[{"href":"https:\/\/feb.ch.bme.hu\/index.php\/wp-json\/wp\/v2\/media?parent=1847"}],"curies":[{"name":"wp","href":"https:\/\/api.w.org\/{rel}","templated":true}]}}