{"id":1876,"date":"2024-09-28T13:19:14","date_gmt":"2024-09-28T11:19:14","guid":{"rendered":"https:\/\/feb.ch.bme.hu\/?page_id=1876"},"modified":"2025-08-19T20:49:29","modified_gmt":"2025-08-19T18:49:29","slug":"osz-gergo-rudolf","status":"publish","type":"page","link":"https:\/\/feb.ch.bme.hu\/index.php\/bemutatkozas\/tagjaink\/kemia-tanszek\/osz-gergo-rudolf\/","title":{"rendered":"\u0150sz Gerg\u0151 Rudolf"},"content":{"rendered":"\t\t<div data-elementor-type=\"wp-page\" data-elementor-id=\"1876\" class=\"elementor elementor-1876\">\n\t\t\t\t<div class=\"elementor-element elementor-element-04607ae e-flex e-con-boxed e-con e-parent\" data-id=\"04607ae\" data-element_type=\"container\" data-e-type=\"container\">\n\t\t\t\t\t<div class=\"e-con-inner\">\n\t\t<div class=\"elementor-element elementor-element-63db40a e-con-full e-flex e-con e-child\" data-id=\"63db40a\" data-element_type=\"container\" data-e-type=\"container\">\n\t\t\t\t<div class=\"elementor-element elementor-element-b6f702b elementor-widget elementor-widget-image\" data-id=\"b6f702b\" data-element_type=\"widget\" data-e-type=\"widget\" data-widget_type=\"image.default\">\n\t\t\t\t<div class=\"elementor-widget-container\">\n\t\t\t\t\t\t\t\t\t\t\t\t\t\t\t<img fetchpriority=\"high\" decoding=\"async\" width=\"800\" height=\"533\" src=\"https:\/\/feb.ch.bme.hu\/wp-content\/uploads\/2025\/07\/Osz-Gergo.jpg\" class=\"attachment-large size-large wp-image-1991\" alt=\"\" \/>\t\t\t\t\t\t\t\t\t\t\t\t\t\t\t<\/div>\n\t\t\t\t<\/div>\n\t\t\t\t<div class=\"elementor-element elementor-element-b87ba15 elementor-widget elementor-widget-heading\" data-id=\"b87ba15\" data-element_type=\"widget\" data-e-type=\"widget\" data-widget_type=\"heading.default\">\n\t\t\t\t<div class=\"elementor-widget-container\">\n\t\t\t\t\t<h5 class=\"elementor-heading-title elementor-size-default\">\u0150sz Gerg\u0151 Rudolf<\/h5>\t\t\t\t<\/div>\n\t\t\t\t<\/div>\n\t\t\t\t<\/div>\n\t\t<div class=\"elementor-element elementor-element-0c0402d e-con-full e-flex e-con e-child\" data-id=\"0c0402d\" data-element_type=\"container\" data-e-type=\"container\">\n\t\t\t\t<div class=\"elementor-element elementor-element-37cbf3f elementor-widget elementor-widget-text-editor\" data-id=\"37cbf3f\" data-element_type=\"widget\" data-e-type=\"widget\" data-widget_type=\"text-editor.default\">\n\t\t\t\t<div class=\"elementor-widget-container\">\n\t\t\t\t\t\t\t\t\t<h4><strong>Tanulm\u00e1nyok<\/strong><\/h4><ul><li><span data-sheets-value=\"{&quot;1&quot;:2,&quot;2&quot;:&quot;BME - VBK, vegy\u00e9szm\u00e9rn\u00f6ki Bsc&quot;}\" data-sheets-userformat=\"{&quot;2&quot;:897,&quot;3&quot;:{&quot;1&quot;:0},&quot;10&quot;:0,&quot;11&quot;:4,&quot;12&quot;:0}\">Vegy\u00e9szm\u00e9rn\u00f6k Bsc<\/span><\/li><\/ul><h4><strong>FEB-tags\u00e1g kezdete<\/strong><\/h4><p><span data-sheets-value=\"{&quot;1&quot;:3,&quot;3&quot;:2022}\" data-sheets-userformat=\"{&quot;2&quot;:897,&quot;3&quot;:{&quot;1&quot;:0},&quot;10&quot;:0,&quot;11&quot;:4,&quot;12&quot;:0}\">2024.<\/span><\/p><h4><strong>Mi vonzott ide?<\/strong><\/h4><p><span data-sheets-root=\"1\">Az el\u0151z\u0151 \u00e9vben voltam FEB t\u00e1borban \u00e9s ott nagyon megtetszett ez a k\u00f6r, elhat\u00e1roztam hogy \u00e9n is szeretn\u00e9k tan\u00edtani \u00e9s ezzel foglalkozni.<\/span><\/p><h4><strong>Hobbik<\/strong><\/h4><p><span data-sheets-root=\"1\">Szeretek sportolni \u00e9s t\u00e1rsasj\u00e1t\u00e9kozni, tagja vagyok az egyetemi b\u00fav\u00e1rklubbnak is.<\/span><\/p><h4><strong>El\u00e9rhet\u0151s\u00e9gek<\/strong><\/h4><p><a href=\"mailto:oszgergo04@gmail.com\"><span data-sheets-root=\"1\">oszgergo04@gmail.com<\/span><\/a><\/p><p>\u00a0<\/p>\t\t\t\t\t\t\t\t<\/div>\n\t\t\t\t<\/div>\n\t\t\t\t<\/div>\n\t\t\t\t\t<\/div>\n\t\t\t\t<\/div>\n\t\t\t\t<\/div>\n\t\t","protected":false},"excerpt":{"rendered":"<p>\u0150sz Gerg\u0151 Rudolf Tanulm\u00e1nyok Vegy\u00e9szm\u00e9rn\u00f6k Bsc FEB-tags\u00e1g kezdete 2024. Mi vonzott ide? Az el\u0151z\u0151 \u00e9vben voltam FEB t\u00e1borban \u00e9s ott nagyon megtetszett ez a k\u00f6r, elhat\u00e1roztam hogy \u00e9n is szeretn\u00e9k tan\u00edtani \u00e9s ezzel foglalkozni. Hobbik Szeretek sportolni \u00e9s t\u00e1rsasj\u00e1t\u00e9kozni, tagja vagyok az egyetemi b\u00fav\u00e1rklubbnak is. El\u00e9rhet\u0151s\u00e9gek oszgergo04@gmail.com<\/p>\n","protected":false},"author":2,"featured_media":0,"parent":816,"menu_order":0,"comment_status":"closed","ping_status":"closed","template":"","meta":{"_eb_attr":"","footnotes":""},"class_list":["post-1876","page","type-page","status-publish"],"featured_image_src":null,"featured_image_src_square":null,"jetpack_sharing_enabled":true,"_links":{"self":[{"href":"https:\/\/feb.ch.bme.hu\/index.php\/wp-json\/wp\/v2\/pages\/1876","targetHints":{"allow":["GET"]}}],"collection":[{"href":"https:\/\/feb.ch.bme.hu\/index.php\/wp-json\/wp\/v2\/pages"}],"about":[{"href":"https:\/\/feb.ch.bme.hu\/index.php\/wp-json\/wp\/v2\/types\/page"}],"author":[{"embeddable":true,"href":"https:\/\/feb.ch.bme.hu\/index.php\/wp-json\/wp\/v2\/users\/2"}],"replies":[{"embeddable":true,"href":"https:\/\/feb.ch.bme.hu\/index.php\/wp-json\/wp\/v2\/comments?post=1876"}],"version-history":[{"count":7,"href":"https:\/\/feb.ch.bme.hu\/index.php\/wp-json\/wp\/v2\/pages\/1876\/revisions"}],"predecessor-version":[{"id":4004,"href":"https:\/\/feb.ch.bme.hu\/index.php\/wp-json\/wp\/v2\/pages\/1876\/revisions\/4004"}],"up":[{"embeddable":true,"href":"https:\/\/feb.ch.bme.hu\/index.php\/wp-json\/wp\/v2\/pages\/816"}],"wp:attachment":[{"href":"https:\/\/feb.ch.bme.hu\/index.php\/wp-json\/wp\/v2\/media?parent=1876"}],"curies":[{"name":"wp","href":"https:\/\/api.w.org\/{rel}","templated":true}]}}

Ősz Gergő Rudolf

<div data-elementor-type="wp-page" data-elementor-id="1876" class="elementor elementor-1876">
				<div class="elementor-element elementor-element-04607ae e-flex e-con-boxed e-con e-parent" data-id="04607ae" data-element_type="container" data-e-type="container">
					<div class="e-con-inner">
		<div class="elementor-element elementor-element-63db40a e-con-full e-flex e-con e-child" data-id="63db40a" data-element_type="container" data-e-type="container">
				<div class="elementor-element elementor-element-b6f702b elementor-widget elementor-widget-image" data-id="b6f702b" data-element_type="widget" data-e-type="widget" data-widget_type="image.default">
				<div class="elementor-widget-container">
															<img fetchpriority="high" decoding="async" width="800" height="533" src="https://feb.ch.bme.hu/wp-content/uploads/2025/07/Osz-Gergo.jpg" class="attachment-large size-large wp-image-1991" alt="" />															</div>
				</div>
				<div class="elementor-element elementor-element-b87ba15 elementor-widget elementor-widget-heading" data-id="b87ba15" data-element_type="widget" data-e-type="widget" data-widget_type="heading.default">
				<div class="elementor-widget-container">
					<h5 class="elementor-heading-title elementor-size-default">Ősz Gergő Rudolf</h5>				</div>
				</div>
				</div>
		<div class="elementor-element elementor-element-0c0402d e-con-full e-flex e-con e-child" data-id="0c0402d" data-element_type="container" data-e-type="container">
				<div class="elementor-element elementor-element-37cbf3f elementor-widget elementor-widget-text-editor" data-id="37cbf3f" data-element_type="widget" data-e-type="widget" data-widget_type="text-editor.default">
				<div class="elementor-widget-container">
									<h4><strong>Tanulmányok</strong></h4><ul><li><span data-sheets-value="{&quot;1&quot;:2,&quot;2&quot;:&quot;BME - VBK, vegyészmérnöki Bsc&quot;}" data-sheets-userformat="{&quot;2&quot;:897,&quot;3&quot;:{&quot;1&quot;:0},&quot;10&quot;:0,&quot;11&quot;:4,&quot;12&quot;:0}">Vegyészmérnök Bsc</span></li></ul><h4><strong>FEB-tagság kezdete</strong></h4><p><span data-sheets-value="{&quot;1&quot;:3,&quot;3&quot;:2022}" data-sheets-userformat="{&quot;2&quot;:897,&quot;3&quot;:{&quot;1&quot;:0},&quot;10&quot;:0,&quot;11&quot;:4,&quot;12&quot;:0}">2024.</span></p><h4><strong>Mi vonzott ide?</strong></h4><p><span data-sheets-root="1">Az előző évben voltam FEB táborban és ott nagyon megtetszett ez a kör, elhatároztam hogy én is szeretnék tanítani és ezzel foglalkozni.</span></p><h4><strong>Hobbik</strong></h4><p><span data-sheets-root="1">Szeretek sportolni és társasjátékozni, tagja vagyok az egyetemi búvárklubbnak is.</span></p><h4><strong>Elérhetőségek</strong></h4><p><a href="mailto:oszgergo04@gmail.com"><span data-sheets-root="1">oszgergo04@gmail.com</span></a></p><p> </p>								</div>
				</div>
				</div>
					</div>
				</div>
				</div>

<p>Ősz Gergő Rudolf Tanulmányok Vegyészmérnök Bsc FEB-tagság kezdete 2024. Mi vonzott ide? Az előző évben voltam FEB táborban és ott nagyon megtetszett ez a kör, elhatároztam hogy én is szeretnék tanítani és ezzel foglalkozni. Hobbik Szeretek sportolni és társasjátékozni, tagja vagyok az egyetemi búvárklubbnak is. Elérhetőségek oszgergo04@gmail.com</p>
