{"id":237,"date":"2019-03-24T20:00:19","date_gmt":"2019-03-24T20:00:19","guid":{"rendered":"https:\/\/feb.ch.bme.hu\/?page_id=237"},"modified":"2026-04-28T10:00:10","modified_gmt":"2026-04-28T08:00:10","slug":"regisztracio","status":"publish","type":"page","link":"https:\/\/feb.ch.bme.hu\/index.php\/regisztracio\/","title":{"rendered":"Jelentkez\u00e9s"},"content":{"rendered":"\t\t<div data-elementor-type=\"wp-page\" data-elementor-id=\"237\" class=\"elementor elementor-237\">\n\t\t\t\t<div class=\"elementor-element elementor-element-2cefff0 e-flex e-con-boxed e-con e-parent\" data-id=\"2cefff0\" data-element_type=\"container\" data-e-type=\"container\">\n\t\t\t\t\t<div class=\"e-con-inner\">\n\t\t<div class=\"elementor-element elementor-element-644ecab e-con-full e-flex e-con e-child\" data-id=\"644ecab\" data-element_type=\"container\" data-e-type=\"container\" data-settings=\"{&quot;background_background&quot;:&quot;classic&quot;}\">\n\t\t\t\t<div class=\"elementor-element elementor-element-8d94dda elementor-widget elementor-widget-heading\" data-id=\"8d94dda\" data-element_type=\"widget\" data-e-type=\"widget\" data-widget_type=\"heading.default\">\n\t\t\t\t<div class=\"elementor-widget-container\">\n\t\t\t\t\t<h2 class=\"elementor-heading-title elementor-size-default\">Fontos tudnival\u00f3k!<\/h2>\t\t\t\t<\/div>\n\t\t\t\t<\/div>\n\t\t\t\t<div class=\"elementor-element elementor-element-9617051 elementor-widget elementor-widget-text-editor\" data-id=\"9617051\" data-element_type=\"widget\" data-e-type=\"widget\" data-widget_type=\"text-editor.default\">\n\t\t\t\t<div class=\"elementor-widget-container\">\n\t\t\t\t\t\t\t\t\t<div>Elindult a jelentkez\u00e9s a FEB T\u00e1borba!<\/div><div>\u00a0<\/div><div>Vannak m\u00e9g szabad helyek, ez\u00e9rt a jelentkez\u00e9si hat\u00e1rid\u0151t\u00a0<br \/>meghosszabb\u00edtottuk m\u00e1jus 31.-ig.<\/div>\t\t\t\t\t\t\t\t<\/div>\n\t\t\t\t<\/div>\n\t\t\t\t<\/div>\n\t\t\t\t\t<\/div>\n\t\t\t\t<\/div>\n\t\t<div class=\"elementor-element elementor-element-da7123c e-flex e-con-boxed e-con e-parent\" data-id=\"da7123c\" data-element_type=\"container\" data-e-type=\"container\">\n\t\t\t\t\t<div class=\"e-con-inner\">\n\t\t\t\t<div class=\"elementor-element elementor-element-cb64778 elementor-widget elementor-widget-heading\" data-id=\"cb64778\" data-element_type=\"widget\" data-e-type=\"widget\" data-widget_type=\"heading.default\">\n\t\t\t\t<div class=\"elementor-widget-container\">\n\t\t\t\t\t<h2 class=\"elementor-heading-title elementor-size-default\">Jelentkez\u00e9s menete<\/h2>\t\t\t\t<\/div>\n\t\t\t\t<\/div>\n\t\t\t\t\t<\/div>\n\t\t\t\t<\/div>\n\t\t<div class=\"elementor-element elementor-element-ee9d5c9 e-flex e-con-boxed e-con e-parent\" data-id=\"ee9d5c9\" data-element_type=\"container\" data-e-type=\"container\">\n\t\t\t\t\t<div class=\"e-con-inner\">\n\t\t<div class=\"elementor-element elementor-element-8c6e837 e-con-full e-flex e-con e-child\" data-id=\"8c6e837\" data-element_type=\"container\" data-e-type=\"container\">\n\t\t\t\t<div class=\"elementor-element elementor-element-fd3a8ef elementor-hidden-desktop elementor-hidden-tablet elementor-hidden-mobile elementor-widget elementor-widget-text-editor\" data-id=\"fd3a8ef\" data-element_type=\"widget\" data-e-type=\"widget\" data-widget_type=\"text-editor.default\">\n\t\t\t\t<div class=\"elementor-widget-container\">\n\t\t\t\t\t\t\t\t\t<p style=\"text-align: center;\">K\u00e9rlek t\u00f6ltsd ki az al\u00e1bbi jelentkez\u00e9si \u0171rlapot!<\/p>\t\t\t\t\t\t\t\t<\/div>\n\t\t\t\t<\/div>\n\t\t\t\t<div class=\"elementor-element elementor-element-806277c elementor-widget elementor-widget-text-editor\" data-id=\"806277c\" data-element_type=\"widget\" data-e-type=\"widget\" data-widget_type=\"text-editor.default\">\n\t\t\t\t<div class=\"elementor-widget-container\">\n\t\t\t\t\t\t\t\t\t<p>T\u00f6ltsd ki az al\u00e1bbi jelentkez\u00e9si \u0171rlapot! A t\u00e1borba val\u00f3 bejut\u00e1s jelentkez\u00e9si sorrendben t\u00f6rt\u00e9nik, ez\u00e9rt \u00e9rdemes min\u00e9l el\u0151bb leadni a jelentkez\u00e9sed. Ha a helyek betelnek, v\u00e1r\u00f3list\u00e1t ind\u00edtunk, \u00edgy \u00e9rdemes akkor is jelentkezni, ha els\u0151re nem f\u00e9rn\u00e9l be.<\/p>\t\t\t\t\t\t\t\t<\/div>\n\t\t\t\t<\/div>\n\t\t\t\t<\/div>\n\t\t<div class=\"elementor-element elementor-element-7183322 e-con-full e-flex e-con e-child\" data-id=\"7183322\" data-element_type=\"container\" data-e-type=\"container\">\n\t\t<div class=\"elementor-element elementor-element-ecc2ca2 e-con-full elementor-hidden-desktop elementor-hidden-tablet elementor-hidden-mobile e-flex e-con e-child\" data-id=\"ecc2ca2\" data-element_type=\"container\" data-e-type=\"container\">\n\t\t\t\t<div class=\"elementor-element elementor-element-9c2a17e elementor-align-justify elementor-widget elementor-widget-button\" data-id=\"9c2a17e\" data-element_type=\"widget\" data-e-type=\"widget\" data-widget_type=\"button.default\">\n\t\t\t\t<div class=\"elementor-widget-container\">\n\t\t\t\t\t\t\t\t\t<div class=\"elementor-button-wrapper\">\n\t\t\t\t\t<a class=\"elementor-button elementor-button-link elementor-size-sm\" href=\"https:\/\/forms.office.com\/pages\/responsepage.aspx?id=q0g1anB1cUKRqFjaAGlwKfPfWxZUzMBHpA92jvrVYPpUMkdCQVFYQTNaSU1JNDY2QU0yVkRLVDJRRC4u&#038;route=shorturl\" target=\"_blank\">\n\t\t\t\t\t\t<span class=\"elementor-button-content-wrapper\">\n\t\t\t\t\t\t\t\t\t<span class=\"elementor-button-text\">Jelentkezem a FEB T\u00e1borba<\/span>\n\t\t\t\t\t<\/span>\n\t\t\t\t\t<\/a>\n\t\t\t\t<\/div>\n\t\t\t\t\t\t\t\t<\/div>\n\t\t\t\t<\/div>\n\t\t\t\t<\/div>\n\t\t<div class=\"elementor-element elementor-element-1b22510 e-con-full e-flex e-con e-child\" data-id=\"1b22510\" data-element_type=\"container\" data-e-type=\"container\">\n\t\t\t\t<div class=\"elementor-element elementor-element-243fec6 elementor-align-justify elementor-hidden-desktop elementor-hidden-tablet elementor-hidden-mobile elementor-widget elementor-widget-button\" data-id=\"243fec6\" data-element_type=\"widget\" data-e-type=\"widget\" data-widget_type=\"button.default\">\n\t\t\t\t<div class=\"elementor-widget-container\">\n\t\t\t\t\t\t\t\t\t<div class=\"elementor-button-wrapper\">\n\t\t\t\t\t<a class=\"elementor-button elementor-button-link elementor-size-sm\" href=\"https:\/\/forms.office.com\/e\/aWfF89ecgc\" target=\"_blank\">\n\t\t\t\t\t\t<span class=\"elementor-button-content-wrapper\">\n\t\t\t\t\t\t\t\t\t<span class=\"elementor-button-text\">Jelentkezem a m\u00e1rcius 21-i Szakmai napra<\/span>\n\t\t\t\t\t<\/span>\n\t\t\t\t\t<\/a>\n\t\t\t\t<\/div>\n\t\t\t\t\t\t\t\t<\/div>\n\t\t\t\t<\/div>\n\t\t\t\t<\/div>\n\t\t<div class=\"elementor-element elementor-element-085e8dc e-con-full e-flex e-con e-child\" data-id=\"085e8dc\" data-element_type=\"container\" data-e-type=\"container\">\n\t\t\t\t<div class=\"elementor-element elementor-element-fcee0f2 elementor-align-justify elementor-widget elementor-widget-button\" data-id=\"fcee0f2\" data-element_type=\"widget\" data-e-type=\"widget\" data-widget_type=\"button.default\">\n\t\t\t\t<div class=\"elementor-widget-container\">\n\t\t\t\t\t\t\t\t\t<div class=\"elementor-button-wrapper\">\n\t\t\t\t\t<a class=\"elementor-button elementor-button-link elementor-size-sm\" href=\"https:\/\/forms.office.com\/e\/ns1hqt8iWF\" target=\"_blank\">\n\t\t\t\t\t\t<span class=\"elementor-button-content-wrapper\">\n\t\t\t\t\t\t\t\t\t<span class=\"elementor-button-text\">Jelentkezem a FEB T\u00e1borba!<\/span>\n\t\t\t\t\t<\/span>\n\t\t\t\t\t<\/a>\n\t\t\t\t<\/div>\n\t\t\t\t\t\t\t\t<\/div>\n\t\t\t\t<\/div>\n\t\t\t\t<\/div>\n\t\t\t\t<\/div>\n\t\t\t\t\t<\/div>\n\t\t\t\t<\/div>\n\t\t<div class=\"elementor-element elementor-element-53c7ff3 e-con-full elementor-hidden-desktop elementor-hidden-tablet elementor-hidden-mobile e-flex e-con e-parent\" data-id=\"53c7ff3\" data-element_type=\"container\" data-e-type=\"container\" data-settings=\"{&quot;background_background&quot;:&quot;classic&quot;}\">\n\t\t\t\t<div class=\"elementor-element elementor-element-0d1c92b elementor-widget elementor-widget-heading\" data-id=\"0d1c92b\" data-element_type=\"widget\" data-e-type=\"widget\" data-widget_type=\"heading.default\">\n\t\t\t\t<div class=\"elementor-widget-container\">\n\t\t\t\t\t<h2 class=\"elementor-heading-title elementor-size-default\">Fontos inform\u00e1ci\u00f3k a laborgyakorlatra val\u00f3 jelentkez\u00e9shez:<\/h2>\t\t\t\t<\/div>\n\t\t\t\t<\/div>\n\t\t\t\t<div class=\"elementor-element elementor-element-693f801 elementor-widget elementor-widget-text-editor\" data-id=\"693f801\" data-element_type=\"widget\" data-e-type=\"widget\" data-widget_type=\"text-editor.default\">\n\t\t\t\t<div class=\"elementor-widget-container\">\n\t\t\t\t\t\t\t\t\t<ul><li><span style=\"word-spacing: normal;\">A laborgyakorlat jelentkez\u00e9sn\u00e9l el\u0151nyt \u00e9lveznek a v\u00e9gz\u0151s di\u00e1kok.\u00a0<\/span><\/li><li><span style=\"word-spacing: normal;\">A laborban egy alkalommal 96 di\u00e1knak van hely.\u00a0<\/span><\/li><li><span style=\"word-spacing: normal;\">A jelentkez\u00e9sn\u00e9l k\u00e9t hat\u00e1rnapot szabunk meg, az els\u0151 ut\u00e1n, ha betelik a l\u00e9tsz\u00e1m, lez\u00e1rjuk a jelentkez\u00e9st.\u00a0<\/span><\/li><li>A v\u00e9gz\u0151s di\u00e1kok el\u0151nyben r\u00e9szes\u00edt\u00e9se is az els\u0151 hat\u00e1rnapig \u00e9l.\u00a0<\/li><li>Ezt k\u00f6vet\u0151en a jelentkez\u00e9si sorrend d\u00f6nt.\u00a0<\/li><li>Amennyiben az els\u0151 hat\u00e1rnapon is m\u00e1r t\u00faljelentkez\u00e9s van, akkor a nem v\u00e9gz\u0151s di\u00e1kok sorrendj\u00e9t is a jelentkez\u00e9si sorrend hat\u00e1rozza majd meg.\u00a0<\/li><li>A l\u00e9tsz\u00e1m felettiek a v\u00e1r\u00f3list\u00e1ra ker\u00fclnek, \u00e9s ha lesz \u00fcresed\u00e9s akkor beker\u00fclhetnek.<\/li><\/ul>\t\t\t\t\t\t\t\t<\/div>\n\t\t\t\t<\/div>\n\t\t\t\t<\/div>\n\t\t<div class=\"elementor-element elementor-element-349422a e-flex e-con-boxed e-con e-parent\" data-id=\"349422a\" data-element_type=\"container\" data-e-type=\"container\">\n\t\t\t\t\t<div class=\"e-con-inner\">\n\t\t\t\t<div class=\"elementor-element elementor-element-82ec7e2 elementor-widget elementor-widget-image\" data-id=\"82ec7e2\" data-element_type=\"widget\" data-e-type=\"widget\" data-widget_type=\"image.default\">\n\t\t\t\t<div class=\"elementor-widget-container\">\n\t\t\t\t\t\t\t\t\t\t\t\t\t\t\t<img fetchpriority=\"high\" decoding=\"async\" width=\"800\" height=\"551\" src=\"https:\/\/feb.ch.bme.hu\/wp-content\/uploads\/2025\/07\/FEB-mini-csapat-Cropped-1.png\" class=\"attachment-large size-large wp-image-2565\" alt=\"\" \/>\t\t\t\t\t\t\t\t\t\t\t\t\t\t\t<\/div>\n\t\t\t\t<\/div>\n\t\t\t\t\t<\/div>\n\t\t\t\t<\/div>\n\t\t\t\t<\/div>\n\t\t","protected":false},"excerpt":{"rendered":"<p>Fontos tudnival\u00f3k! Elindult a jelentkez\u00e9s a FEB T\u00e1borba!\u00a0Vannak m\u00e9g szabad helyek, ez\u00e9rt a jelentkez\u00e9si hat\u00e1rid\u0151t\u00a0meghosszabb\u00edtottuk m\u00e1jus 31.-ig. Jelentkez\u00e9s menete K\u00e9rlek t\u00f6ltsd ki az al\u00e1bbi jelentkez\u00e9si \u0171rlapot! T\u00f6ltsd ki az al\u00e1bbi jelentkez\u00e9si \u0171rlapot! A t\u00e1borba val\u00f3 bejut\u00e1s jelentkez\u00e9si sorrendben t\u00f6rt\u00e9nik, ez\u00e9rt \u00e9rdemes min\u00e9l el\u0151bb leadni a jelentkez\u00e9sed. Ha a helyek betelnek, v\u00e1r\u00f3list\u00e1t ind\u00edtunk, \u00edgy \u00e9rdemes akkor is jelentkezni, ha els\u0151re nem f\u00e9rn\u00e9l be. Jelentkezem a FEB T\u00e1borba Jelentkezem a m\u00e1rcius 21-i Szakmai napra Jelentkezem a FEB T\u00e1borba! Fontos inform\u00e1ci\u00f3k a laborgyakorlatra val\u00f3 jelentkez\u00e9shez: A laborgyakorlat jelentkez\u00e9sn\u00e9l el\u0151nyt \u00e9lveznek a v\u00e9gz\u0151s di\u00e1kok.\u00a0 A laborban egy alkalommal 96 di\u00e1knak van hely.\u00a0 A jelentkez\u00e9sn\u00e9l k\u00e9t hat\u00e1rnapot szabunk meg, az els\u0151 ut\u00e1n, ha betelik a l\u00e9tsz\u00e1m, lez\u00e1rjuk a jelentkez\u00e9st.\u00a0 A v\u00e9gz\u0151s di\u00e1kok el\u0151nyben r\u00e9szes\u00edt\u00e9se is az els\u0151 hat\u00e1rnapig \u00e9l.\u00a0 Ezt k\u00f6vet\u0151en a jelentkez\u00e9si sorrend d\u00f6nt.\u00a0 Amennyiben az els\u0151 hat\u00e1rnapon is m\u00e1r t\u00faljelentkez\u00e9s van, akkor a nem v\u00e9gz\u0151s di\u00e1kok sorrendj\u00e9t is a jelentkez\u00e9si sorrend hat\u00e1rozza majd&hellip;<\/p>\n<p> <a class=\"more-link\" href=\"https:\/\/feb.ch.bme.hu\/index.php\/regisztracio\/\">B\u0151vebben<\/a><\/p>\n","protected":false},"author":2,"featured_media":4637,"parent":0,"menu_order":0,"comment_status":"closed","ping_status":"closed","template":"","meta":{"_eb_attr":"","footnotes":""},"class_list":["post-237","page","type-page","status-publish","has-post-thumbnail"],"featured_image_src":"https:\/\/feb.ch.bme.hu\/wp-content\/uploads\/2025\/09\/20241019093423-scaled-e1757424619189-600x400.jpg","featured_image_src_square":"https:\/\/feb.ch.bme.hu\/wp-content\/uploads\/2025\/09\/20241019093423-scaled-e1757424619189-600x600.jpg","jetpack_sharing_enabled":true,"_links":{"self":[{"href":"https:\/\/feb.ch.bme.hu\/index.php\/wp-json\/wp\/v2\/pages\/237","targetHints":{"allow":["GET"]}}],"collection":[{"href":"https:\/\/feb.ch.bme.hu\/index.php\/wp-json\/wp\/v2\/pages"}],"about":[{"href":"https:\/\/feb.ch.bme.hu\/index.php\/wp-json\/wp\/v2\/types\/page"}],"author":[{"embeddable":true,"href":"https:\/\/feb.ch.bme.hu\/index.php\/wp-json\/wp\/v2\/users\/2"}],"replies":[{"embeddable":true,"href":"https:\/\/feb.ch.bme.hu\/index.php\/wp-json\/wp\/v2\/comments?post=237"}],"version-history":[{"count":230,"href":"https:\/\/feb.ch.bme.hu\/index.php\/wp-json\/wp\/v2\/pages\/237\/revisions"}],"predecessor-version":[{"id":5514,"href":"https:\/\/feb.ch.bme.hu\/index.php\/wp-json\/wp\/v2\/pages\/237\/revisions\/5514"}],"wp:featuredmedia":[{"embeddable":true,"href":"https:\/\/feb.ch.bme.hu\/index.php\/wp-json\/wp\/v2\/media\/4637"}],"wp:attachment":[{"href":"https:\/\/feb.ch.bme.hu\/index.php\/wp-json\/wp\/v2\/media?parent=237"}],"curies":[{"name":"wp","href":"https:\/\/api.w.org\/{rel}","templated":true}]}}