{"id":279,"date":"2019-07-24T17:28:04","date_gmt":"2019-07-24T15:28:04","guid":{"rendered":"https:\/\/feb.ch.bme.hu\/?page_id=279"},"modified":"2025-08-07T19:24:47","modified_gmt":"2025-08-07T17:24:47","slug":"tortenelmunk","status":"publish","type":"page","link":"https:\/\/feb.ch.bme.hu\/index.php\/bemutatkozas\/tortenelmunk\/","title":{"rendered":"T\u00f6rt\u00e9nelm\u00fcnk"},"content":{"rendered":"\t\t<div data-elementor-type=\"wp-page\" data-elementor-id=\"279\" class=\"elementor elementor-279\">\n\t\t\t\t<div class=\"elementor-element elementor-element-85a11a5 e-flex e-con-boxed e-con e-parent\" data-id=\"85a11a5\" data-element_type=\"container\" data-e-type=\"container\">\n\t\t\t\t\t<div class=\"e-con-inner\">\n\t\t\t\t<div class=\"elementor-element elementor-element-72bff18 elementor-widget elementor-widget-heading\" data-id=\"72bff18\" data-element_type=\"widget\" data-e-type=\"widget\" data-widget_type=\"heading.default\">\n\t\t\t\t<div class=\"elementor-widget-container\">\n\t\t\t\t\t<h2 class=\"elementor-heading-title elementor-size-default\">Id\u0151vonalunk<\/h2>\t\t\t\t<\/div>\n\t\t\t\t<\/div>\n\t\t\t\t\t<\/div>\n\t\t\t\t<\/div>\n\t\t<div class=\"elementor-element elementor-element-51d7632 e-flex e-con-boxed e-con e-parent\" data-id=\"51d7632\" data-element_type=\"container\" data-e-type=\"container\">\n\t\t\t\t\t<div class=\"e-con-inner\">\n\t\t\t\t<div class=\"elementor-element elementor-element-8e1994a elementor-widget elementor-widget-timeline-widget-addon\" data-id=\"8e1994a\" data-element_type=\"widget\" data-e-type=\"widget\" data-widget_type=\"timeline-widget-addon.default\">\n\t\t\t\t<div class=\"elementor-widget-container\">\n\t\t\t\t\t<!-- ========= Timeline Widget Addon For Elementor 1.6.23 ========= -->\n<div id=\"twae-wrapper-8e1994a\" class=\"twae-vertical twae-wrapper  twae-both-sided\">   \n    <div class=\"twae-start\"><\/div>    \n    <div id=\"twea-timeline-8e1994a\" class=\"twae-timeline\" ><!-- Start of Story Repeater Content --><div id=\"story-ef689d9\" class=\"twae-story twae-repeater-item twae-story-right twae-story-no-icon\"><!-- Story Label --><div class=\"twae-labels\"><div class=\"twae-label-big\">1973<\/div><\/div><!-- Story Icon --><div class=\"twae-icon\"><i aria-hidden=\"true\" class=\"far fa-clock\"><\/i><\/div><!-- Story Arrow --><div class=\"twae-arrow\"><\/div><!-- Start of Story Content --><div class=\"twae-content\"><!-- Story Title --><div class=\"twae-title\">Kezdetek<\/div><!-- Story Description --><div class=\"twae-description\"><p><span style=\"font-weight: 400\">A FEB egy h\u00e1rombet\u0171s r\u00f6vid\u00edt\u00e9s, ami<strong> t\u00f6bb mint 25 \u00e9ves<\/strong>. Eredeti jelent\u00e9se: <strong>Felv\u00e9teleket El\u0151k\u00e9sz\u00edt\u0151 Bizotts\u00e1g<\/strong>. 1973-ban a Budapesti M\u0171szaki Egyetemen hozt\u00e1k l\u00e9tre abb\u00f3l a c\u00e9lb\u00f3l, hogy <strong>seg\u00edtse az es\u00e9lyegyenl\u0151s\u00e9g megteremt\u00e9s\u00e9t,<\/strong> a h\u00e1tr\u00e1nyosabb csal\u00e1di h\u00e1tter\u0171, de tehets\u00e9ges fiatalok egyetemre jut\u00e1s\u00e1t.<\/span><\/p><\/div><\/div><\/div><!-- Start of Story Repeater Content --><div id=\"story-c2c6e14\" class=\"twae-story twae-repeater-item twae-story-left twae-story-no-icon\"><!-- Story Label --><div class=\"twae-labels\"><div class=\"twae-label-big\">1974\u20131975<\/div><\/div><!-- Story Icon --><div class=\"twae-icon\"><i aria-hidden=\"true\" class=\"far fa-clock\"><\/i><\/div><!-- Story Arrow --><div class=\"twae-arrow\"><\/div><!-- Start of Story Content --><div class=\"twae-content\"><!-- Story Title --><div class=\"twae-title\">Orsz\u00e1gos Mozgalom<\/div><!-- Story Description --><div class=\"twae-description\"><p>Egy \u00e9vvel k\u00e9s\u0151bb minden m\u0171szaki egyetem, majd <strong>az \u00f6sszes fels\u0151oktat\u00e1si int\u00e9zm\u00e9ny csatlakozik<\/strong>. A program orsz\u00e1goss\u00e1 v\u00e1lik.<\/p><\/div><\/div><\/div><!-- Start of Story Repeater Content --><div id=\"story-a702751\" class=\"twae-story twae-repeater-item twae-story-right twae-story-no-icon\"><!-- Story Label --><div class=\"twae-labels\"><div class=\"twae-label-big\">1973\u20131990<\/div><\/div><!-- Story Icon --><div class=\"twae-icon\"><i aria-hidden=\"true\" class=\"far fa-clock\"><\/i><\/div><!-- Story Arrow --><div class=\"twae-arrow\"><\/div><!-- Start of Story Content --><div class=\"twae-content\"><!-- Story Title --><div class=\"twae-title\">Es\u00e9lyteremt\u00e9s aranykora<\/div><!-- Story Description --><div class=\"twae-description\"><p>A FEB \u00e1llami t\u00e1mogat\u00e1ssal m\u0171k\u00f6dik, <strong>\u00e9vente t\u00f6bb ezer di\u00e1kot k\u00e9sz\u00edt fel a felv\u00e9telire.<\/strong><\/p><p><span style=\"font-weight: 400\">Ebben az id\u0151szakban csak az \u00fan. \u201efizikai dolgoz\u00f3k\u201d gyermekei vehettek r\u00e9szt a felk\u00e9sz\u00edt\u00e9sben.<\/span><\/p><p><span style=\"font-weight: 400\"><strong>A k\u00f6zponti iroda a BME-n alakult ki<\/strong>, \u00e9s a nagyobb egyetemek b\u00e1zis-int\u00e9zm\u00e9nyeik\u00e9nt szerepeltek.<\/span><\/p><p><span style=\"font-weight: 400\">1990-ig a FEB \u00e1llami t\u00e1mogat\u00e1ssal m\u0171k\u00f6dhetett, \u00e9s a <strong>r\u00e9sztvev\u0151k sz\u00e1m\u00e1ra ingyenes volt.<\/strong><\/span><\/p><\/div><\/div><\/div><!-- Start of Story Repeater Content --><div id=\"story-e01177d\" class=\"twae-story twae-repeater-item twae-story-left twae-story-no-icon\"><!-- Story Label --><div class=\"twae-labels\"><div class=\"twae-label-big\">1990<\/div><\/div><!-- Story Icon --><div class=\"twae-icon\"><i aria-hidden=\"true\" class=\"far fa-clock\"><\/i><\/div><!-- Story Arrow --><div class=\"twae-arrow\"><\/div><!-- Start of Story Content --><div class=\"twae-content\"><!-- Story Title --><div class=\"twae-title\">Fordulat<\/div><!-- Story Description --><div class=\"twae-description\"><p>Megsz\u0171nik az \u00e1llami t\u00e1mogat\u00e1s. A legt\u00f6bb FEB-iroda bez\u00e1r, de a <strong>BME Villamosm\u00e9rn\u00f6ki \u00e9s a BME Vegy\u00e9szm\u00e9rn\u00f6ki Kara folytatja a munk\u00e1t<\/strong> \u00f6nk\u00f6lts\u00e9ges form\u00e1ban, mindenki sz\u00e1m\u00e1ra el\u00e9rhet\u0151en.<\/p><\/div><\/div><\/div><!-- Start of Story Repeater Content --><div id=\"story-770e3ec\" class=\"twae-story twae-repeater-item twae-story-right twae-story-no-icon\"><!-- Story Label --><div class=\"twae-labels\"><div class=\"twae-label-big\">1990\u20132016<\/div><\/div><!-- Story Icon --><div class=\"twae-icon\"><i aria-hidden=\"true\" class=\"far fa-clock\"><\/i><\/div><!-- Story Arrow --><div class=\"twae-arrow\"><\/div><!-- Start of Story Content --><div class=\"twae-content\"><!-- Story Title --><div class=\"twae-title\">Tehets\u00e9g\u00e9rt Mozgalom<\/div><!-- Story Image --><div class=\"twae-media large\"><img fetchpriority=\"high\" decoding=\"async\" width=\"591\" height=\"392\" src=\"https:\/\/feb.ch.bme.hu\/wp-content\/uploads\/2025\/08\/1993su018.jpg\" class=\"attachment-large size-large\" alt=\"\" \/><\/div><!-- Story Description --><div class=\"twae-description\"><p>A FEB \u00e1talakul: <strong>Tehets\u00e9g\u00e9rt Mozgalom n\u00e9ven m\u0171k\u00f6dik tov\u00e1bb<\/strong>.<\/p><p><span style=\"font-weight: 400\"><strong>A Mozgalom 2016-ban sz\u0171nt meg<\/strong>, miut\u00e1n gyakorlatilag csak k\u00e9t alapszervezet maradt (a VBK alapszervezete \u00e9s a Studium Gener\u00e1le).<\/span><\/p><\/div><\/div><\/div><!-- Start of Story Repeater Content --><div id=\"story-146853a\" class=\"twae-story twae-repeater-item twae-story-left twae-story-no-icon\"><!-- Story Label --><div class=\"twae-labels\"><div class=\"twae-label-big\">2016<\/div><\/div><!-- Story Icon --><div class=\"twae-icon\"><i aria-hidden=\"true\" class=\"far fa-clock\"><\/i><\/div><!-- Story Arrow --><div class=\"twae-arrow\"><\/div><!-- Start of Story Content --><div class=\"twae-content\"><!-- Story Title --><div class=\"twae-title\">A VeBio megalakul\u00e1sa<\/div><!-- Story Description --><div class=\"twae-description\"><p>A term\u00e9szettudom\u00e1nyos felk\u00e9sz\u00edt\u00e9st egyed\u00fcl a BME Vegy\u00e9szm\u00e9rn\u00f6ki \u00e9s Biom\u00e9rn\u00f6ki Kar\u00e1n m\u0171k\u00f6d\u0151 csapat viszi tov\u00e1bb. <strong>Megalakul a VeBio Tehets\u00e9g Egyes\u00fclet<\/strong>, hogy jogi keretet adjon a t\u00e1borok \u00e9s szakmai napok szervez\u00e9s\u00e9nek.<\/p><\/div><\/div><\/div><!-- Start of Story Repeater Content --><div id=\"story-2ab91c6\" class=\"twae-story twae-repeater-item twae-story-right twae-story-no-icon\"><!-- Story Label --><div class=\"twae-labels\"><div class=\"twae-label-big\">A jelen<\/div><\/div><!-- Story Icon --><div class=\"twae-icon\"><i aria-hidden=\"true\" class=\"far fa-clock\"><\/i><\/div><!-- Story Arrow --><div class=\"twae-arrow\"><\/div><!-- Start of Story Content --><div class=\"twae-content\"><!-- Story Title --><div class=\"twae-title\">Lelkesen el\u0151re<\/div><!-- Story Image --><div class=\"twae-media large\"><img decoding=\"async\" width=\"800\" height=\"350\" src=\"https:\/\/feb.ch.bme.hu\/wp-content\/uploads\/2025\/07\/20240721140147_IMG_2618.jpg\" class=\"attachment-large size-large\" alt=\"\" \/><\/div><!-- Story Description --><div class=\"twae-description\"><p>A VeBio a hagyom\u00e1nyokra \u00e9p\u00edtve ma m\u00e1r <strong>minden m\u00e9rn\u00f6ki, term\u00e9szettudom\u00e1nyos \u00e9s eg\u00e9szs\u00e9g\u00fcgyi p\u00e1ly\u00e1ra <\/strong>k\u00e9sz\u00fcl\u0151 di\u00e1knak<strong> seg\u00edt a felk\u00e9sz\u00fcl\u00e9sben<\/strong>, kiscsoportos oktat\u00e1ssal \u00e9s \u00e9lm\u00e9nyalap\u00fa m\u00f3dszerekkel.<\/p><\/div><\/div><\/div><\/div>\n    <div class=\"twae-end\"><\/div>\n    <\/div><style type=\"text\/css\">@media (max-width: 1024px){ .twae-wrapper{--tw-ybx-size: 80px !important;}}@media (max-width: 767px){ .twae-wrapper{--tw-ybx-size: 80px !important}}<\/style>\t\t\t\t<\/div>\n\t\t\t\t<\/div>\n\t\t\t\t\t<\/div>\n\t\t\t\t<\/div>\n\t\t\t\t<\/div>\n\t\t","protected":false},"excerpt":{"rendered":"<p>Id\u0151vonalunk 1973Kezdetek A FEB egy h\u00e1rombet\u0171s r\u00f6vid\u00edt\u00e9s, ami t\u00f6bb mint 25 \u00e9ves. Eredeti jelent\u00e9se: Felv\u00e9teleket El\u0151k\u00e9sz\u00edt\u0151 Bizotts\u00e1g. 1973-ban a Budapesti M\u0171szaki Egyetemen hozt\u00e1k l\u00e9tre abb\u00f3l a c\u00e9lb\u00f3l, hogy seg\u00edtse az es\u00e9lyegyenl\u0151s\u00e9g megteremt\u00e9s\u00e9t, a h\u00e1tr\u00e1nyosabb csal\u00e1di h\u00e1tter\u0171, de tehets\u00e9ges fiatalok egyetemre jut\u00e1s\u00e1t. 1974\u20131975Orsz\u00e1gos Mozgalom Egy \u00e9vvel k\u00e9s\u0151bb minden m\u0171szaki egyetem, majd az \u00f6sszes fels\u0151oktat\u00e1si int\u00e9zm\u00e9ny csatlakozik. A program orsz\u00e1goss\u00e1 v\u00e1lik. 1973\u20131990Es\u00e9lyteremt\u00e9s aranykora A FEB \u00e1llami t\u00e1mogat\u00e1ssal m\u0171k\u00f6dik, \u00e9vente t\u00f6bb ezer di\u00e1kot k\u00e9sz\u00edt fel a felv\u00e9telire. Ebben az id\u0151szakban csak az \u00fan. \u201efizikai dolgoz\u00f3k\u201d gyermekei vehettek r\u00e9szt a felk\u00e9sz\u00edt\u00e9sben. A k\u00f6zponti iroda a BME-n alakult ki, \u00e9s a nagyobb egyetemek b\u00e1zis-int\u00e9zm\u00e9nyeik\u00e9nt szerepeltek. 1990-ig a FEB \u00e1llami t\u00e1mogat\u00e1ssal m\u0171k\u00f6dhetett, \u00e9s a r\u00e9sztvev\u0151k sz\u00e1m\u00e1ra ingyenes volt. 1990Fordulat Megsz\u0171nik az \u00e1llami t\u00e1mogat\u00e1s. A legt\u00f6bb FEB-iroda bez\u00e1r, de a BME Villamosm\u00e9rn\u00f6ki \u00e9s a BME Vegy\u00e9szm\u00e9rn\u00f6ki Kara folytatja a munk\u00e1t \u00f6nk\u00f6lts\u00e9ges form\u00e1ban, mindenki sz\u00e1m\u00e1ra el\u00e9rhet\u0151en. 1990\u20132016Tehets\u00e9g\u00e9rt Mozgalom A FEB \u00e1talakul: Tehets\u00e9g\u00e9rt Mozgalom n\u00e9ven m\u0171k\u00f6dik tov\u00e1bb. A Mozgalom&hellip;<\/p>\n<p> <a class=\"more-link\" href=\"https:\/\/feb.ch.bme.hu\/index.php\/bemutatkozas\/tortenelmunk\/\">B\u0151vebben<\/a><\/p>\n","protected":false},"author":2,"featured_media":3635,"parent":28,"menu_order":0,"comment_status":"closed","ping_status":"closed","template":"","meta":{"_eb_attr":"","footnotes":""},"class_list":["post-279","page","type-page","status-publish","has-post-thumbnail"],"featured_image_src":"https:\/\/feb.ch.bme.hu\/wp-content\/uploads\/2025\/08\/Gabor-es-Miki.png","featured_image_src_square":"https:\/\/feb.ch.bme.hu\/wp-content\/uploads\/2025\/08\/Gabor-es-Miki.png","jetpack_sharing_enabled":true,"_links":{"self":[{"href":"https:\/\/feb.ch.bme.hu\/index.php\/wp-json\/wp\/v2\/pages\/279","targetHints":{"allow":["GET"]}}],"collection":[{"href":"https:\/\/feb.ch.bme.hu\/index.php\/wp-json\/wp\/v2\/pages"}],"about":[{"href":"https:\/\/feb.ch.bme.hu\/index.php\/wp-json\/wp\/v2\/types\/page"}],"author":[{"embeddable":true,"href":"https:\/\/feb.ch.bme.hu\/index.php\/wp-json\/wp\/v2\/users\/2"}],"replies":[{"embeddable":true,"href":"https:\/\/feb.ch.bme.hu\/index.php\/wp-json\/wp\/v2\/comments?post=279"}],"version-history":[{"count":29,"href":"https:\/\/feb.ch.bme.hu\/index.php\/wp-json\/wp\/v2\/pages\/279\/revisions"}],"predecessor-version":[{"id":3641,"href":"https:\/\/feb.ch.bme.hu\/index.php\/wp-json\/wp\/v2\/pages\/279\/revisions\/3641"}],"up":[{"embeddable":true,"href":"https:\/\/feb.ch.bme.hu\/index.php\/wp-json\/wp\/v2\/pages\/28"}],"wp:featuredmedia":[{"embeddable":true,"href":"https:\/\/feb.ch.bme.hu\/index.php\/wp-json\/wp\/v2\/media\/3635"}],"wp:attachment":[{"href":"https:\/\/feb.ch.bme.hu\/index.php\/wp-json\/wp\/v2\/media?parent=279"}],"curies":[{"name":"wp","href":"https:\/\/api.w.org\/{rel}","templated":true}]}}