{"id":423,"date":"2020-04-02T18:43:53","date_gmt":"2020-04-02T16:43:53","guid":{"rendered":"https:\/\/feb.ch.bme.hu\/?page_id=423"},"modified":"2020-04-28T11:47:39","modified_gmt":"2020-04-28T09:47:39","slug":"kozepszintu-erettsegi-feladatok-oldatok","status":"publish","type":"page","link":"https:\/\/feb.ch.bme.hu\/index.php\/szakmai-napok\/oldatok\/kozepszintu-erettsegi-feladatok-oldatok\/","title":{"rendered":"Oldatok &#8211; K\u00f6z\u00e9pszint\u0171 \u00e9retts\u00e9gi feladatok"},"content":{"rendered":"<h1>Oldatok &#8211; K\u00f6z\u00e9pszint\u0171 \u00e9retts\u00e9gi feladatok<\/h1>\n<p><a href=\"https:\/\/feb.ch.bme.hu\/index.php\/szakmai-napok\/oldatok\/\">Vissza az Oldatok t\u00e9mak\u00f6rre!<\/a><\/p>\n<p><strong>1\/k-1 <\/strong>(2004. m\u00e1jus, 5. feladat B)<\/p>\n<p>250,00 g 20,0 t\u00f6megsz\u00e1zal\u00e9kos n\u00e1trium-hidroxid-oldatot, 243,33 g 30,0 t\u00f6megsz\u00e1zal\u00e9kos alum\u00ednium-klorid-oldattal reag\u00e1ltatunk. A folyamat sor\u00e1n alum\u00ednium-hidroxid keletkezik, amelyet sz\u0171r\u00e9ssel elt\u00e1vol\u00edtunk az oldatb\u00f3l.<\/p>\n<p><em>A<\/em>r(Al) = 27,0 <em>A<\/em>r(O) = 16,0 <em>A<\/em>r(H) = 1,0 <em>A<\/em>r(Na) = 23,0 <em>A<\/em>r(Cl) = 35,5<\/p>\n<p><strong>a) \u00cdrja fel a lej\u00e1tsz\u00f3d\u00f3 reakci\u00f3 egyenlet\u00e9t!<\/strong><\/p>\n<p><strong>b) H\u00e1ny gramm oldott s\u00f3 keletkezik?<\/strong><\/p>\n<p><strong>c) H\u00e1ny t\u00f6megsz\u00e1zal\u00e9kos a sz\u0171r\u00e9s ut\u00e1n visszamaradt oldat a keletkezett s\u00f3ra \u00e9s a <\/strong><strong style=\"font-size: 0.9375rem;\">feleslegben l\u00e9v\u0151 vegy\u00fcletre n\u00e9zve?<\/strong><\/p>\n<p>&nbsp;<\/p>\n<p><strong>1\/k-2<\/strong> (2005. m\u00e1jus, 8. feladat) (ls. 3\/k-4)<\/p>\n<p>100 cm<sup>3<\/sup> desztill\u00e1lt v\u00edzben elnyelet\u00fcnk 19,6 dm<sup>3<\/sup> standard nyom\u00e1s\u00fa, 25 \u00b0C-os hidrog\u00e9n-kloridg\u00e1zt. A keletkez\u0151 oldat s\u0171r\u0171s\u00e9g\u00e9t 1,12 g\/cm<sup>3<\/sup>-nek m\u00e9rt\u00fck.<\/p>\n<p><em>A<\/em>r(H) = 1,00; <em>A<\/em>r(Na) = 23,0; <em>A<\/em>r(Cl) = 35,5<\/p>\n<p><strong>a) Sz\u00e1m\u00edtsa ki a keletkezett s\u00f3sav t\u00f6meg\n<p><strong>b) Sz\u00e1m\u00edtsa ki a keletkezett s\u00f3sav t\u00e9rfogat\u00e1t!<\/strong><\/p>\n<p><strong>c) Sz\u00e1m\u00edtsa ki a keletkezett s\u00f3sav anyegmennyis\u00e9g-koncentr\u00e1ci\u00f3j\u00e1t!<\/strong><\/p>\n<p><strong>d) Legal\u00e1bb mekkora t\u00f6meg\u0171 konyhas\u00f3b\u00f3l kellett kiindulni, hogy a 19,6 dm3 g\u00e1zt el\u0151\u00e1ll\u00edtsuk a k\u00f6vetkez\u0151 reakci\u00f3egyenlet szerint: 2 NaCl + H<sub>2<\/sub>SO<sub>4<\/sub> = Na<sub>2<\/sub>SO<sub>4<\/sub> + 2 HCl<\/strong><\/p>\n<p>&nbsp;<\/p>\n<p><strong>1\/k-3 <\/strong>(2006. febru\u00e1r, 6. feladat)<\/p>\n<p>1,00 dm<sup>3<\/sup> 1,20 mol\/dm<sup>3<\/sup> koncentr\u00e1ci\u00f3j\u00fa sal\u00e9tromsavoldatot k\u00e9sz\u00edt\u00fcnk.<\/p>\n<p><strong>a) Mekkora t\u00e9rfogat\u00fa 68,0 t\u00f6meg \n<p><strong>b) H\u00e1ny t\u00f6meg \n<p><strong>c) Az elk\u00e9sz\u00edtett oldat 10,0 cm<sup>3<\/sup>-\u00e9t mekkora t\u00e9rfogat\u00fa 12,0-es pH-j\u00fa n\u00e1trium-hidroxidoldat k\u00f6z\u00f6mb\u00f6s\u00edti?<\/strong><\/p>\n<p>&nbsp;<\/p>\n<p><strong>1\/k-4<\/strong> (2006. m\u00e1jus, 6. feladat)<\/p>\n<p>Egy labor\u00e1ns 300 cm\u00b3 t\u00e9rfogat\u00fa, 20,0 t\u00f6meg\n<p><strong>a) A t\u00f6m\u00e9ny k\u00e9nsav h\u00edg\u00edt\u00e1sa k\u00f6zben milyen balesetv\u00e9delmi rendszab\u00e1lyokat kell a labor\u00e1nsnak k\u00f6vetnie? Fogalmazza meg 1-2 mondatban!<\/strong><\/p>\n<p><strong>b) Sz\u00e1m\u00edtsa ki, mekkora t\u00e9rfogat\u00fa 98,0 t\u00f6meg\n<p><strong>c) Sz\u00e1m\u00edtsa ki, mekkora t\u00e9rfogat\u00fa v\u00edzre van sz\u00fcks\u00e9g a h\u00edg\u00edt\u00e1s elv\u00e9gz\u00e9s\u00e9hez!<\/strong><\/p>\n<p><strong>d) Az al\u00e1bbi eszk\u00f6z\u00f6k k\u00f6z\u00fcl melyikkel c\u00e9lszer\u0171 kim\u00e9rnie a kisz\u00e1m\u00edtott k\u00e9nsavoldat t\u00e9rfogat\u00e1t? A) B\u00fcrett\u00e1val B) M\u00e9r\u0151hengerrel C) Pipett\u00e1val<\/strong><\/p>\n<p>&nbsp;<\/p>\n<p><strong>1\/k-5<\/strong> (2006. okt\u00f3ber, 7. feladat)<\/p>\n<p>Az Egyes\u00fclt \u00c1llamokban lev\u0151 Nagy S\u00f3st\u00f3 (Great Salt Lake) vize 23,0 t\u00f6meg\n<p><strong>a) Ha 100,0 dm<sup>3<\/sup> t\u00f3v\u00edzb\u0151l a v\u00edz teljes mennyis\u00e9g\u00e9t elp\u00e1rologtatjuk, h\u00e1ny kg s\u00f3 marad vissza? (A t\u00f3 viz\u00e9t tekints\u00fck 23,0 t\u00f6meg\n<p><strong>b) Ny\u00e1ri melegben (30,0 \u00b0C-on) a t\u00f3 v\u00edztartalma h\u00e1ny \n<p>&nbsp;<\/p>\n<p><strong>1\/k-6<\/strong> (2008. m\u00e1jus, 7. feladat) (ls. 3\/k-13)<\/p>\n<p>Egy h\u00e1ztart\u00e1si v\u00edzk\u0151old\u00f3t vizsg\u00e1lunk, amely 18 t\u00f6megsz\u00e1zal\u00e9kos foszforsavoldatnak tekinthet\u0151, s\u0171r\u0171s\u00e9ge pedig 1,09 g\/cm<sup>3<\/sup>.<\/p>\n<p>Ar(O) = 16,0; Ar(Ca) = 40,0; Ar(P) = 31,0; Ar(C) = 12,0; Ar(H) = 1,0<\/p>\n<p><strong>a) Sz\u00e1m\u00edtsa ki, h\u00e1ny gramm foszforsav tal\u00e1lhat\u00f3 az oldat 500 cm<sup>3<\/sup>-\u00e9ben!<\/strong><\/p>\n<p><strong>b) Sz\u00e1m\u00edtsa ki a foszforsav anyagmennyis\u00e9g\u00e9t is!<\/strong><\/p>\n<p><strong>c) Sz\u00e1m\u00edtsa ki az oldat anyagmennyis\u00e9g-koncentr\u00e1ci\u00f3j\u00e1t!<\/strong><\/p>\n<p><strong>d) Mekkora t\u00f6meg\u0171 v\u00edzk\u0151 t\u00e1vol\u00edthat\u00f3 el az 500 cm3 v\u00edzk\u0151old\u00f3 seg\u00edts\u00e9g\u00e9vel?<\/strong> (A v\u00edzk\u00f6vet tekints\u00fck tiszta kalcium-karbon\u00e1tnak \u00e9s a vesztes\u00e9gekt\u0151l tekints\u00fcnk el!) Az al\u00e1bbi reakci\u00f3egyenlet alapj\u00e1n sz\u00e1moljon: 2 H<sub>3<\/sub><span style=\"font-size: 0.9375rem;\">PO<\/span><sub>4<\/sub><span style=\"font-size: 0.9375rem;\"> + CaCO<\/span><sub>3<\/sub><span style=\"font-size: 0.9375rem;\"> = Ca(H<\/span><sub>2<\/sub><span style=\"font-size: 0.9375rem;\">PO<\/span><sub>4<\/sub><span style=\"font-size: 0.9375rem;\">)<\/span><sub>2<\/sub><span style=\"font-size: 0.9375rem;\"> + CO<\/span><sub>2<\/sub><span style=\"font-size: 0.9375rem;\"> + H<\/span><sub>2<\/sub><span style=\"font-size: 0.9375rem;\">O<\/span><\/p>\n<p><strong>e) Mekkora t\u00e9rfogat\u00fa standard nyom\u00e1s\u00fa, 25 \u00baC-os g\u00e1z keletkezik a fenti folyamat sor\u00e1n?<\/strong><\/p>\n<p>&nbsp;<\/p>\n<p><strong>1\/k-7<\/strong> (2010. okt\u00f3ber, 6. feladat B)<\/p>\n<p>N\u00e1trium-hidroxid \u00e9s n\u00e1trium-klorid 5:1 t\u00f6megar\u00e1ny\u00fa kever\u00e9k\u00e9b\u0151l 2,50 dm<sup>3<\/sup> oldatot k\u00e9sz\u00edt\u00fcnk.<\/p>\n<p>A k\u00e9sz\u00edtett oldat pH-ja 12,0.<\/p>\n<p>Ar(H) = 1,00, Ar(O) = 16,0, Ar(Na) = 23,0, Ar(Cl) = 35,5<\/p>\n<p><strong>a) Mi a kever\u00e9k t\u00f6meg\n<p><strong>b) Mekkora t\u00f6meg\u0171 kever\u00e9ket oldottunk fel a v\u00edzben?<\/strong><\/p>\n<p><strong>c) Milyen pH-j\u00fa oldatot kapn\u00e1nk, ha a fenti t\u00f6meg\u0171 kever\u00e9kb\u0151l 0,250 dm<sup>3<\/sup> oldatot k\u00e9sz\u00edten\u00e9nk? V\u00e1lasz\u00e1t indokolja!<\/strong><\/p>\n<p>&nbsp;<\/p>\n<p><strong>1\/k-8<\/strong> (2013. okt\u00f3ber, 5. feladat B)<\/p>\n<p>T\u00e9len gyakran s\u00f3z\u00e1ssal \u00e9rik el a j\u00e1rd\u00e1k, utak j\u00e9gmentes\u00edt\u00e9s\u00e9t. Min\u00e9l hidegebb van, ann\u00e1l t\u00f6bb s\u00f3ra van sz\u00fcks\u00e9g ehhez a m\u0171velethez, \u00e9s igen nagy hidegben nem is alkalmazhat\u00f3, mert a j\u00e9g nem olvad meg. \u20135 \u00b0C-on akkor olvad meg a j\u00e9g, ha a j\u00e9gb\u0151l \u00e9s s\u00f3b\u00f3l keletkez\u0151 oldat legal\u00e1bb 7,30 t\u00f6megsz\u00e1zal\u00e9kos.<\/p>\n<p>\u03c1(j\u00e9g) = 0,917 g\/cm<sup>3<\/sup>, Ar(H) = 1,00, Ar(O) = 16,0, Ar(Na) = 23,0, Ar(Cl) = 35,5<\/p>\n<p><strong>a) Mennyi a s\u00f3z\u00e1skor keletkez\u0151 oldat anyagmennyis\u00e9g-koncentr\u00e1ci\u00f3ja, ha a 7,30 t\u00f6megsz\u00e1zal\u00e9kos oldat s\u0171r\u0171s\u00e9ge 1,051 g\/cm<sup>3<\/sup>?<\/strong><\/p>\n<p><strong>b) Ha az 1,00 m<sup>2<\/sup> fel\u00fclet\u0171 j\u00e1rd\u00e1t 1,00 cm vastag j\u00e9gr\u00e9teg bor\u00edtja, a fentiek alapj\u00e1n \u20135 \u00b0C-on legal\u00e1bb mekkora t\u00f6meg\u0171 n\u00e1trium-kloridra van sz\u00fcks\u00e9g ahhoz, hogy a j\u00e9g megolvadjon?<\/strong><\/p>\n<p>&nbsp;<\/p>\n<p><strong>1\/k-9<\/strong> (2019. m\u00e1jus, 8. feladat)<\/p>\n<p>A kem\u00e9ny vizek meleg\u00edt\u00e9sekor keletkez\u0151 \u00e9s lerak\u00f3d\u00f3 v\u00edzk\u0151 elt\u00e1vol\u00edt\u00e1sa t\u00f6bbf\u00e9lek\u00e9ppen t\u00f6rt\u00e9nhet. Egy faz\u00e9k fal\u00e1ra a v\u00edzforral\u00e1s sor\u00e1n 16,0 g v\u00edzk\u0151 rak\u00f3dott le. Tegy\u00fck fel, hogy a v\u00edzk\u00f6vet csak kalcium-karbon\u00e1t alkotja. A v\u00edzk\u0151 elt\u00e1vol\u00edt\u00e1s\u00e1t t\u00f6bbnyire s\u00f3savval vagy ecetsavoldattal szoktuk elv\u00e9gezni. A v\u00edzk\u0151 felold\u00e1s\u00e1hoz mindk\u00e9t sav oldat\u00e1b\u00f3l <strong>65,5 cm<sup>3<\/sup><\/strong>-re volna sz\u00fcks\u00e9g. A lej\u00e1tsz\u00f3d\u00f3 reakci\u00f3k egyenletei:<\/p>\n<p>CaCO<sub>3<\/sub> + 2 HCl = CaCl<sub>2<\/sub> + CO<sub>2<\/sub> + H<sub>2<\/sub>O<\/p>\n<p>CaCO<sub>3<\/sub> + 2 CH<sub>3<\/sub>COOH = (CH<sub>3<\/sub>COO)<sub>2<\/sub>Ca + CO<sub>2<\/sub> + H<sub>2<\/sub>O<\/p>\n<p><strong>e) Hat\u00e1rozza meg a s\u00f3sav anyagmennyis\u00e9g-koncentr\u00e1ci\u00f3j\u00e1t \u00e9s t\u00f6megsz\u00e1zal\u00e9kos \u00f6sszet\u00e9tel\u00e9t, ha tudjuk, hogy az old\u00e1shoz haszn\u00e1lt oldat s\u0171r\u0171s\u00e9ge 1,09 g\/cm<sup>3<\/sup>!<\/strong><\/p>\n<p><strong>f) Hat\u00e1rozza meg az old\u00e1shoz haszn\u00e1lt 28,0 t\u00f6megsz\u00e1zal\u00e9kos ecetsavoldat s\u0171r\u0171s\u00e9g\u00e9t!<\/strong><\/p>\n<p>&nbsp;<\/p>\n<p><a href=\"https:\/\/feb.ch.bme.hu\/index.php\/szakmai-napok\/oldatok\/\">Vissza az Oldatok t\u00e9mak\u00f6rre!<\/a><\/p>\n","protected":false},"excerpt":{"rendered":"<p>Oldatok &#8211; K\u00f6z\u00e9pszint\u0171 \u00e9retts\u00e9gi feladatok Vissza az Oldatok t\u00e9mak\u00f6rre! 1\/k-1 (2004. m\u00e1jus, 5. feladat B) 250,00 g 20,0 t\u00f6megsz\u00e1zal\u00e9kos n\u00e1trium-hidroxid-oldatot, 243,33 g 30,0 t\u00f6megsz\u00e1zal\u00e9kos alum\u00ednium-klorid-oldattal reag\u00e1ltatunk. A folyamat sor\u00e1n alum\u00ednium-hidroxid keletkezik, amelyet sz\u0171r\u00e9ssel elt\u00e1vol\u00edtunk az oldatb\u00f3l. Ar(Al) = 27,0 Ar(O) = 16,0 Ar(H) = 1,0 Ar(Na) = 23,0 Ar(Cl) = 35,5 a) \u00cdrja fel a lej\u00e1tsz\u00f3d\u00f3 reakci\u00f3 egyenlet\u00e9t! b) H\u00e1ny gramm oldott s\u00f3 keletkezik? c) H\u00e1ny t\u00f6megsz\u00e1zal\u00e9kos a sz\u0171r\u00e9s ut\u00e1n visszamaradt oldat a keletkezett s\u00f3ra \u00e9s a feleslegben l\u00e9v\u0151 vegy\u00fcletre n\u00e9zve? &nbsp; 1\/k-2 (2005. m\u00e1jus, 8. feladat) (ls. 3\/k-4) 100 cm3 desztill\u00e1lt v\u00edzben elnyelet\u00fcnk 19,6 dm3 standard nyom\u00e1s\u00fa, 25 \u00b0C-os hidrog\u00e9n-kloridg\u00e1zt. A keletkez\u0151 oldat s\u0171r\u0171s\u00e9g\u00e9t 1,12 g\/cm3-nek m\u00e9rt\u00fck. Ar(H) = 1,00; Ar(Na) = 23,0; Ar(Cl) = 35,5 a) Sz\u00e1m\u00edtsa ki a keletkezett s\u00f3sav t\u00f6meg b) Sz\u00e1m\u00edtsa ki a keletkezett s\u00f3sav t\u00e9rfogat\u00e1t! c) Sz\u00e1m\u00edtsa ki a keletkezett s\u00f3sav anyegmennyis\u00e9g-koncentr\u00e1ci\u00f3j\u00e1t! d) Legal\u00e1bb mekkora t\u00f6meg\u0171 konyhas\u00f3b\u00f3l kellett kiindulni, hogy a 19,6 dm3 g\u00e1zt&hellip;<\/p>\n<p> <a class=\"more-link\" href=\"https:\/\/feb.ch.bme.hu\/index.php\/szakmai-napok\/oldatok\/kozepszintu-erettsegi-feladatok-oldatok\/\">B\u0151vebben<\/a><\/p>\n","protected":false},"author":2,"featured_media":0,"parent":288,"menu_order":0,"comment_status":"closed","ping_status":"closed","template":"","meta":{"_eb_attr":"","footnotes":""},"class_list":["post-423","page","type-page","status-publish"],"featured_image_src":null,"featured_image_src_square":null,"jetpack_sharing_enabled":true,"_links":{"self":[{"href":"https:\/\/feb.ch.bme.hu\/index.php\/wp-json\/wp\/v2\/pages\/423","targetHints":{"allow":["GET"]}}],"collection":[{"href":"https:\/\/feb.ch.bme.hu\/index.php\/wp-json\/wp\/v2\/pages"}],"about":[{"href":"https:\/\/feb.ch.bme.hu\/index.php\/wp-json\/wp\/v2\/types\/page"}],"author":[{"embeddable":true,"href":"https:\/\/feb.ch.bme.hu\/index.php\/wp-json\/wp\/v2\/users\/2"}],"replies":[{"embeddable":true,"href":"https:\/\/feb.ch.bme.hu\/index.php\/wp-json\/wp\/v2\/comments?post=423"}],"version-history":[{"count":4,"href":"https:\/\/feb.ch.bme.hu\/index.php\/wp-json\/wp\/v2\/pages\/423\/revisions"}],"predecessor-version":[{"id":600,"href":"https:\/\/feb.ch.bme.hu\/index.php\/wp-json\/wp\/v2\/pages\/423\/revisions\/600"}],"up":[{"embeddable":true,"href":"https:\/\/feb.ch.bme.hu\/index.php\/wp-json\/wp\/v2\/pages\/288"}],"wp:attachment":[{"href":"https:\/\/feb.ch.bme.hu\/index.php\/wp-json\/wp\/v2\/media?parent=423"}],"curies":[{"name":"wp","href":"https:\/\/api.w.org\/{rel}","templated":true}]}}